{"id":8,"date":"2024-08-18T21:44:24","date_gmt":"2024-08-18T19:44:24","guid":{"rendered":"https:\/\/derlandweg.de\/shop\/farbenfreude\/?page_id=8"},"modified":"2024-08-22T18:31:06","modified_gmt":"2024-08-22T16:31:06","slug":"rueckerstattung_rueckgaben","status":"publish","type":"page","link":"https:\/\/derlandweg.de\/shop\/farbenfreude\/rueckerstattung_rueckgaben\/","title":{"rendered":"Retouren &amp; R\u00fcckerstattungen"},"content":{"rendered":"[et_pb_section fb_built=&#8220;1&#8243; _builder_version=&#8220;4.27.0&#8243; hover_enabled=&#8220;0&#8243; global_colors_info=&#8220;{}&#8220; sticky_enabled=&#8220;0&#8243;][et_pb_row _builder_version=&#8220;4.27.0&#8243; background_size=&#8220;initial&#8220; background_position=&#8220;top_left&#8220; background_repeat=&#8220;repeat&#8220; global_colors_info=&#8220;{}&#8220;][et_pb_column type=&#8220;4_4&#8243; _builder_version=&#8220;4.16&#8243; custom_padding=&#8220;|||&#8220; global_colors_info=&#8220;{}&#8220; custom_padding__hover=&#8220;|||&#8220;][et_pb_text _builder_version=&#8220;4.27.0&#8243; background_size=&#8220;initial&#8220; background_position=&#8220;top_left&#8220; background_repeat=&#8220;repeat&#8220; global_colors_info=&#8220;{}&#8220;]<p><\/p>\n<h2><\/h2>\n<h2 class=\"wp-block-heading\">Retouren &amp; R\u00fcckerstattungen<\/h2>\n<p><\/p>\n<p>Die Adventskalender sind als Lebensmittel und jahreszeitlich bedingte Sonderanfertigung von der R\u00fcckgabe ausgeschlossen. Sollte das Produkt wegen durch nicht durch Landweg zu vertretene M\u00e4ngel ungenie\u00dfbar sein oder vom Hersteller zur\u00fcckgerufen werden, werden die Kosten vollumf\u00e4nglich zur\u00fcckerstattet.<\/p>\n<p>Retourenschritte f\u00fcr Postkarten:<br \/>Bitte schicken Sie eine kurze Email, dass und wie viele Artikel Sie retournieren m\u00f6chten.<br \/>Dem R\u00fcckversand bitte eine Kopie der Rechnung und die Bankverbindung beilegen. Die Erstattung erfolgt innerhalb von 1-6 Wochen (je nach Urlaubszeit) auf das angegebene Konto.<\/p>\n<p>Die R\u00fccksendung ist an die folgende Anschrift zu richten:<br \/>Landweg | Kultur- und Projektwerkstatt<br \/>Julia Endres<br \/>M\u00fchlenweg 6<br \/>91367 Wei\u00dfenohe<\/p>\n<p>Die Versandkosten der Retoure tr\u00e4gt der K\u00e4ufer.<\/p>\n<p><\/p>[\/et_pb_text][\/et_pb_column][\/et_pb_row][\/et_pb_section]","protected":false},"excerpt":{"rendered":"<p>Retouren &amp; R\u00fcckerstattungen Die Adventskalender sind als Lebensmittel und jahreszeitlich bedingte Sonderanfertigung von der R\u00fcckgabe ausgeschlossen. Sollte das Produkt wegen durch nicht durch Landweg zu vertretene M\u00e4ngel ungenie\u00dfbar sein oder vom Hersteller zur\u00fcckgerufen werden, werden die Kosten vollumf\u00e4nglich zur\u00fcckerstattet. Retourenschritte f\u00fcr Postkarten:Bitte schicken Sie eine kurze Email, dass und wie viele Artikel Sie retournieren m\u00f6chten.Dem [&hellip;]<\/p>\n","protected":false},"author":1,"featured_media":0,"parent":0,"menu_order":0,"comment_status":"closed","ping_status":"closed","template":"","meta":{"_et_pb_use_builder":"on","_et_pb_old_content":"<!-- wp:paragraph \/--><!-- wp:heading -->\r\n<h2 class=\"wp-block-heading\">Retouren & R\u00fcckerstattungen<\/h2>\r\n<!-- \/wp:heading --><!-- wp:paragraph -->\r\n<p>Die Adventskalender sind als Lebensmittel und jahreszeitlich bedingte Sonderanfertigung von der R\u00fcckgabe ausgeschlossen. Sollte das Produkt wegen durch nicht durch Landweg zu vertretene M\u00e4ngel ungenie\u00dfbar sein oder vom Hersteller zur\u00fcckgerufen werden, werden die Kosten vollumf\u00e4nglich zur\u00fcckerstattet.\u00a0<\/p>\r\n<p>Retourenschritte f\u00fcr Postkarten:<br \/>Bitte schicken Sie eine kurze Email, dass und wie viele Artikel Sie retournieren m\u00f6chten.<br \/>Dem R\u00fcckversand bitte eine Kopie der Rechnung und die Bankverbindung beilegen. Die Erstattung erfolgt innerhalb von 1-6 Wochen (je nach Urlaubszeit) auf das angegebene Konto.<\/p>\r\n<p>Die R\u00fccksendung ist an die folgende Anschrift zu richten:<br \/>Landweg | Kultur- und Projektwerkstatt<br \/>Julia Endres<br \/>M\u00fchlenweg 6<br \/>91367 Wei\u00dfenohe<\/p>\r\n<p>Die Versandkosten der Retoure tr\u00e4gt der K\u00e4ufer.<\/p>\r\n<!-- \/wp:paragraph -->","_et_gb_content_width":"","footnotes":""},"class_list":["post-8","page","type-page","status-publish","hentry"],"_links":{"self":[{"href":"https:\/\/derlandweg.de\/shop\/farbenfreude\/wp-json\/wp\/v2\/pages\/8","targetHints":{"allow":["GET"]}}],"collection":[{"href":"https:\/\/derlandweg.de\/shop\/farbenfreude\/wp-json\/wp\/v2\/pages"}],"about":[{"href":"https:\/\/derlandweg.de\/shop\/farbenfreude\/wp-json\/wp\/v2\/types\/page"}],"author":[{"embeddable":true,"href":"https:\/\/derlandweg.de\/shop\/farbenfreude\/wp-json\/wp\/v2\/users\/1"}],"replies":[{"embeddable":true,"href":"https:\/\/derlandweg.de\/shop\/farbenfreude\/wp-json\/wp\/v2\/comments?post=8"}],"version-history":[{"count":5,"href":"https:\/\/derlandweg.de\/shop\/farbenfreude\/wp-json\/wp\/v2\/pages\/8\/revisions"}],"predecessor-version":[{"id":555,"href":"https:\/\/derlandweg.de\/shop\/farbenfreude\/wp-json\/wp\/v2\/pages\/8\/revisions\/555"}],"wp:attachment":[{"href":"https:\/\/derlandweg.de\/shop\/farbenfreude\/wp-json\/wp\/v2\/media?parent=8"}],"curies":[{"name":"wp","href":"https:\/\/api.w.org\/{rel}","templated":true}]}}